Is 34373497 a multiple of 949?
False
Does 19 divide 1611569876?
False
Does 9 divide 96229188?
True
Is 264316689 a multiple of 39?
True
Is 96532001 a multiple of 4?
False
Is 12 a factor of 47137836?
True
Is 34 a factor of 562017195?
False
Does 433 divide 659032928?
True
Does 66 divide 310265?
False
Is 1299786739 a multiple of 2?
False
Is 180 a factor of 179272172?
False
Does 4047 divide 1313089620?
True
Is 941276669 a multiple of 776?
False
Is 4836469 a multiple of 325?
False
Does 1236 divide 539788392?
True
Does 15 divide 2152474516?
False
Is 112051478 a multiple of 5358?
False
Does 119 divide 25722445?
True
Does 1165 divide 495781427?
False
Does 602 divide 147926450?
True
Does 8 divide 89407712?
True
Does 2004 divide 59909116?
False
Does 254 divide 8169656?
True
Is 296704485 a multiple of 459?
True
Is 198010 a multiple of 34?
False
Is 1431998 a multiple of 33?
False
Is 58430764 a multiple of 4?
True
Does 5 divide 2282555168?
False
Is 9 a factor of 383812087?
False
Does 8 divide 332661782?
False
Is 541 a factor of 19140625?
False
Does 54 divide 687824028?
True
Does 11 divide 19951173?
True
Is 21 a factor of 252840?
True
Does 759 divide 122706771?
True
Is 22925773 a multiple of 13?
True
Is 58146990 a multiple of 69?
True
Is 105 a factor of 1583413650?
True
Is 200 a factor of 11091928?
False
Is 13 a factor of 48326420?
False
Does 1092 divide 55516117?
False
Does 98 divide 6937840?
False
Does 82 divide 72286608?
True
Does 11 divide 3986697506?
True
Is 240245376 a multiple of 2572?
True
Is 40 a factor of 43622698?
False
Is 153114136 a multiple of 14?
True
Is 496379668 a multiple of 85?
False
Is 9777042 a multiple of 134?
True
Is 1676 a factor of 74355538?
False
Is 150 a factor of 769134450?
True
Is 191266694 a multiple of 1411?
True
Does 662 divide 167368826?
True
Does 30 divide 8167?
False
Does 14 divide 462592200?
True
Is 81513208 a multiple of 56?
True
Is 9 a factor of 1347476499?
True
Is 25 a factor of 173170078?
False
Is 243581396 a multiple of 2?
True
Is 7545 a factor of 4123727295?
True
Is 33 a factor of 2581887?
True
Does 9 divide 44084841?
False
Is 819431860 a multiple of 46?
False
Is 785 a factor of 4051403903?
False
Does 389 divide 27565318?
True
Is 22 a factor of 2596063734?
True
Does 2555 divide 2364683160?
True
Does 65 divide 1060830229?
False
Does 11 divide 60915048?
False
Does 20 divide 848409522?
False
Is 91433021 a multiple of 169?
False
Does 1833 divide 505109664?
False
Is 11 a factor of 336594203?
True
Is 157556475 a multiple of 212?
False
Is 764 a factor of 154744380?
True
Is 313 a factor of 176394593?
True
Does 12 divide 3114564?
True
Is 79 a factor of 114167166?
True
Is 296407385 a multiple of 215?
True
Does 11 divide 13115718?
True
Is 5670 a factor of 1600147710?
True
Is 680 a factor of 188587800?
True
Is 486186064 a multiple of 16?
True
Does 48 divide 522415684?
False
Does 35 divide 204676465?
True
Does 296 divide 894156504?
True
Is 187866864 a multiple of 10?
False
Does 476 divide 253183448?
True
Is 1186185 a multiple of 5?
True
Is 192 a factor of 1345536?
True
Does 4224 divide 313568640?
True
Is 5 a factor of 14399045?
True
Is 2405 a factor of 187795181?
False
Is 65426246 a multiple of 17?
False
Is 96429533 a multiple of 433?
True
Does 1231 divide 98587418?
False
Is 89858906 a multiple of 483?
False
Does 2885 divide 5505051?
False
Is 113366123 a multiple of 180?
False
Is 5878 a factor of 1394843522?
True
Does 2600 divide 38199200?
True
Is 11 a factor of 371508941?
False
Does 302 divide 902422206?
True
Is 2918908201 a multiple of 25?
False
Is 456 a factor of 141987051?
False
Is 5680 a factor of 2022528720?
True
Is 1141926 a multiple of 692?
False
Is 148362678 a multiple of 38?
True
Is 308 a factor of 106420160?
True
Is 144664191 a multiple of 2877?
True
Is 1062874876 a multiple of 7252?
True
Is 1398599983 a multiple of 8213?
True
Does 69 divide 208341812?
False
Is 1405832468 a multiple of 194?
False
Is 370762544 a multiple of 603?
False
Does 2542 divide 7115058?
True
Does 5 divide 510695005?
True
Is 33918264 a multiple of 162?
True
Does 553 divide 110256587?
True
Is 1896044164 a multiple of 2999?
False
Is 25 a factor of 37773222?
False
Is 38 a factor of 5027096?
True
Does 19 divide 137641700?
True
Does 2873 divide 731959956?
True
Is 81729709 a multiple of 1218?
False
Does 107 divide 14709848?
False
Is 13896220 a multiple of 377?
True
Is 242640 a multiple of 9?
True
Is 2648 a factor of 398993789?
False
Is 4502120237 a multiple of 1298?
False
Is 154106030 a multiple of 670?
True
Is 517 a factor of 258019190?
True
Is 101 a factor of 10242410?
True
Does 964 divide 5031365676?
True
Is 1292 a factor of 75973476?
True
Is 91 a factor of 1098569249?
False
Is 22657484 a multiple of 92?
True
Is 2 a factor of 6279079?
False
Is 26 a factor of 84921486?
True
Is 1385 a factor of 1473441084?
False
Is 8135480 a multiple of 4?
True
Is 30 a factor of 754830442?
False
Is 36 a factor of 963568836?
True
Is 5090832 a multiple of 49?
False
Is 25 a factor of 270374285?
False
Does 1091 divide 26187712?
False
Is 615378432 a multiple of 2944?
True
Is 5 a factor of 7100240?
True
Does 153 divide 7540758?
True
Is 5868 a factor of 1147727392?
False
Is 295 a factor of 49343619?
False
Is 132 a factor of 105491122?
False
Is 18116402 a multiple of 7?
False
Is 2293 a factor of 29091274?
False
Is 53214716 a multiple of 316?
True
Does 135 divide 20103138?
False
Is 614800857 a multiple of 2343?
True
Does 80 divide 33732628?
False
Does 13 divide 44018832?
True
Is 63512041 a multiple of 73?
False
Is 75820048 a multiple of 13?
False
Is 14908880 a multiple of 20?
True
Is 37441272 a multiple of 121?
True
Is 527100 a multiple of 48?
False
Is 76193729 a multiple of 30?
False
Is 1110032 a multiple of 22?
True
Is 325118721 a multiple of 9?
False
Does 199 divide 68834257?
False
Does 28 divide 65875701?
False
Does 3 divide 249257448?
True
Is 16 a factor of 321461041?
False
Is 902 a factor of 51701480?
False
Does 784 divide 19177424?
True
Is 230944400 a multiple of 5?
True
Does 3 divide 112130541?
True
Is 26283580 a multiple of 1100?
False
Does 1696 divide 116655602?
False
Is 49686159 a multiple of 1032?
False
Is 54 a factor of 756918?
True
Is 450 a factor of 24255900?
True
Does 4617 divide 850779207?
True
Does 702 divide 96060276?
True
Is 20045581 a multiple of 73?
True
Is 367853125 a multiple of 25?
True
Is 86 a factor of 899647291?
False
Does 1585 divide 6931693180?
True
Is 586 a factor of 280990766?
False
Is 709 a factor of 12526238?
False
Is 1896 a factor of 516790824?
True
Is 33541132 a multiple of 124?
True
Is 4560 a factor of 1503859633?
False
Is 33613545 a multiple of 28?
False
Is 20 a factor of 4781340?
True
Does 30 divide 529314660?
True
Does 150 divide 406626150?
True
Is 6 a factor of 31245222?
True
Does 481 divide 19307645?
False
Is 3053847 a multiple of 32?
False
Is 611 a factor of 102096542?
False
Does 2326 divide 498024512?
True
Does 1316 divide 129550446?
False
Does 216 divide 552897105?
False
Does 271 divide 17829361?
True
Does 66 divide 15968436?
True
Is 342607680 a multiple of 2880?
True
Is 115807848 a multiple of 104?
True
Does 156 divide 51662832?
True
Does 19 divide 862933438?
False
Is 13702060 a multiple of 108?
False
Does 168 divide 209214264?
True
Is 2997 a factor of 181119936?
False
Does 207 divide 304158969?
True
Is 492072 a multiple of 42?
True
Does 919 divide 9672133?
False
Does 2555 divide 215169803?
False
Is 813 a factor of 5169054?
True
Is 2388973210 a multiple of 142?
True
Is 545 a factor of 198017030?
True
Is 155 a factor of 50056262?
False
Is 4967888094 a multiple of 1052?
False
Is 53220233 a multiple of 13?
False
Is 17 a factor of 329684981?
False
Is 107631965 a multiple of 760?
False
Is 7 a factor of 191081177?
True
Is 3 a factor of 15604507?
False
Is 32804352 a multiple of 1356?
True
Does 152 divide 5047178?
False
Is 13 a factor of 24426525?
False
Is 431558517 a multiple of 1987?
True
Is 42046771 a multiple of 40?
False
Is 2361 a factor of 933851052?
True
Does 269 divide 477536063?
True
Is 131921075 a multiple of 325?
True
Does 734 divide 304197804?
False
Is 6180 a factor of 2597466360?
True
Does 24 divide 459066422?
False
Is 6 a factor of 16284708?
True
Is 5905880 a multiple of 40?
True
Does 55 divide 304165950?
True
Is 11172918